 + 99 = -x*p. What is the remainder when 11 is divided by 18*2*(-4)/p?
5
Suppose 2*a - f = 94, -a - 3*f + 73 = 12. What is the remainder when a is divided by 10?
9
Suppose -17*q = -12*q. Suppose q = 2*x - 10, -3*d = -2*x - 223 + 20. What is the remainder when d is divided by 18?
17
Suppose -4*i - 188 = h - 5*h, -5*i = 4*h - 143. Suppose 5*b + 4*n = 60, -4*n - h - 18 = -5*b. Calculate the remainder when 45 is divided by b.
9
Suppose -216 = -0*h - 4*h. Calculate the remainder when h is divided by 32/2 - 392/(-98).
14
Suppose 5*r + 4*p = 19, -p - 3 + 16 = 4*r. Let q = 58 + -28. Calculate the remainder when r + 0 + 0 + q is divided by 5.
3
Suppose 0 = 5*v - 15 - 15. Let w be (-54)/(-45) - 1/5. Calculate the remainder when -17*(1 - (1 + w)) is divided by v.
5
Let x be 20*((-2)/4)/1. Let w = -3 - x. Suppose -w*m - 4 = -9*m. What is the remainder when 6 is divided by m?
0
Let q = -6 + 8. Suppose 42 = 5*w + 2*o, 3*o = 2*w - 3*w - q. Calculate the remainder when w is divided by 4.
2
Let m = -1 - -3. Suppose 2*f - 10 = -m*y, -3*f = 5*y - 12 - 17. Calculate the remainder when y is divided by (-1)/(-2) + (-6)/(-4).
1
Suppose -4*f - 4*f = -64. Calculate the remainder when 13 is divided by f.
5
Suppose 3*x + 3*u - 111 = 0, 3*x + 9*u = 10*u + 127. What is the remainder when 73 is divided by x?
32
Let x = -799 - -987. Calculate the remainder when x is divided by 57.
17
Suppose -18*j + 22*j = 144. What is the remainder when j is divided by 23?
13
Let b = 16 - 5. Let t(m) = -m**3 + 14*m**2 - 10*m - 10. Calculate the remainder when t(13) is divided by b.
7
Let j be 2/10 + 1206/45. Suppose -3*u + 45 + j = 0. What is the remainder when (-68 - (-4)/(-4))*-1 is divided by u?
21
Suppose -11*c - 25 = -16*c. Suppose c*r - 8 = 3*r. Calculate the remainder when -13*(2/2 + -2) is divided by r.
1
Suppose 0*w + 2*p + 107 = 3*w, -138 = -4*w - 2*p. Let d(o) = 15*o**2 + 9*o - 10. What is the remainder when d(2) is divided by w?
33
Let z(b) = -b - 3. Let j be z(-7). Let k be (-2)/j*(-3 + 3). Suppose k = 5*h - 37 - 88. What is the remainder when 97 is divided by h?
22
Suppose 2*q + 3*a + 17 = 0, 0 = 3*q - a - 2. Calculate the remainder when 41 is divided by (q/((-1)/(-11)))/(-1).
8
Let v = -43 - -81. Let o(t) = -t + 7. Let b be o(4). Suppose 0*d - 24 = -3*p + 3*d, 4*p + b*d - 46 = 0. What is the remainder when v is divided by p?
8
Suppose 671 + 385 = 32*q. What is the remainder when 52 is divided by q?
19
Let p = 24 - 22. Suppose 0*x = -p*x. Let u(q) = -q**2 - q + 44. Calculate the remainder when u(x) is divided by 16.
12
Suppose 0*d + 3*d = 5*a + 21, 2*d + 2*a = 30. Calculate the remainder when 21 is divided by d.
9
Suppose -2*a + 4*m + 224 = 0, -a + 5*a - 468 = 3*m. Calculate the remainder when a is divided by 52.
16
Let u(z) = 5*z - 146. Calculate the remainder when 339 is divided by u(33).
16
Let s(o) = o**2 - 6*o + 1. Let w(q) = 2*q**2 + 1. Let p be w(-4). Let r = 52 - p. Calculate the remainder when s(-5) is divided by r.
18
What is the remainder when (-1776)/(-28) + (-2 - (-44)/28) is divided by 33?
30
Let v(o) be the third derivative of o**6/120 + o**5/20 - o**4/12 + o**3/6 - 11*o**2. Calculate the remainder when 47 is divided by v(2).
13
Let o = 67 + -33. Suppose -5*y = -5*u + 75, -16*u + 13*u - 4*y = -73. Calculate the remainder when o is divided by u.
15
Suppose -l + 3 = 2*l - 3*w, 4*w - 20 = -4*l. Suppose 89 = l*t + 8. Suppose 4*h = -5*b + 5*h + 62, t = 3*b - 4*h. Calculate the remainder when b is divided by 5.
3
Let q(x) = -x - 1. Let d = -29 + 31. Suppose -2*p + 4*n + 9 + 15 = 0, -5*p + d*n + 44 = 0. Calculate the remainder when p is divided by q(-6).
3
Suppose 0 = -13*j + 56 + 61. Calculate the remainder when 204 is divided by j.
6
Let i(f) = 151*f**2 + 33*f + 34. Calculate the remainder when i(-1) is divided by 78.
74
Let z(k) be the second derivative of -5*k**3/6 - 33*k**2/2 + 19*k. What is the remainder when 17 is divided by z(-9)?
5
Let l be ((-16)/(-28))/((-3)/(-21)). Suppose -98 = l*u - 382. Calculate the remainder when u is divided by 24.
23
Calculate the remainder when 763/4 + (-4)/(-16)*1 is divided by 28.
23
Suppose -j - 2*z = 31 - 2, z - 134 = 5*j. What is the remainder when 45 is divided by (-480)/(-27) - 6/j?
9
Suppose 10*f + 0 - 40 = 0. Suppose 0 = -f*x + 1 + 23. Suppose 9*z - 75 = 4*z. Calculate the remainder when z is divided by x.
3
Let x(n) = n**2 - 10*n**2 + 11 + 4*n + 14 + 5*n**3 - 38. What is the remainder when x(4) is divided by 13?
10
Let s(z) = z**3 + 10*z**2 - 16*z + 7. Let c be -14 + 0 + 2 - (-3)/3. What is the remainder when s(c) is divided by 17?
11
Let o = -479 + 801. What is the remainder when o is divided by 54?
52
Suppose -350 = -51*i + 37*i. What is the remainder when i is divided by 8?
1
Suppose 3*q = c + 59, -4*q + 34*c - 37*c = -83. Calculate the remainder when 70 is divided by q.
10
Let b = 6 + -1. Calculate the remainder when 84 is divided by 9*b/15 - -14.
16
Let v(k) = 6*k**2 + k - 1. Let l = 7910 - 7563. Calculate the remainder when l is divided by v(-3).
47
Let p(r) = 5*r**2 + 9*r + 55. Let g(u) = 27*u**2 + 44*u + 274. Let s(f) = -2*g(f) + 11*p(f). Calculate the remainder when s(-9) is divided by 7.
4
Calculate the remainder when 87 is divided by 1074/30 - -1*16/(-20).
17
Let s = 1883 + -1852. What is the remainder when 79 is divided by s?
17
What is the remainder when 94 is divided by 0 - -1 - 7*(-5 + -2)?
44
Suppose 3*z + 4*w = 2*w + 9, 3*z + 5*w = 18. What is the remainder when z/((-850)/285 + 3) is divided by 20?
17
Let d(w) = 2*w**2 - 13*w - 3. Calculate the remainder when d(8) is divided by 3.
0
Suppose -3*r + 92 = -4*h - 161, -3*r + 2*h = -251. Calculate the remainder when r is divided by 30.
23
Suppose -1050 = -32*n + 7*n. Let b = -5 + 5. Suppose 3*p - 45 - 21 = b. What is the remainder when n is divided by p?
20
Let c = -2796 - -3027. What is the remainder when c is divided by 58?
57
Calculate the remainder when (2 - 4)/((-5)/(690/4)) is divided by 20.
9
Let s = -1397 - -1604. Calculate the remainder when s is divided by 71.
65
Let i(o) = 2*o**3 - 17*o**2 - 6*o + 7. Calculate the remainder when 136 is divided by i(9).
0
Let r(m) = 19*m**2 + 7*m - 12. What is the remainder when r(-4) is divided by 54?
48
Let u = -7 - -19. Suppose -609 - 58 = -29*t. What is the remainder when t is divided by u?
11
Suppose -2*a + 7 = -55. Suppose 11*z - 6*z + 60 = 5*x, 0 = x - 5*z - 16. Calculate the remainder when a is divided by x.
9
Let d(t) = 5*t**2 + 8*t - 14. Let a(k) = k**2 - 1. Let g(n) = -6*a(n) + d(n). Let l be 2/(-1) + 1 + 6. What is the remainder when 19 is divided by g(l)?
5
Let s(r) = -22*r. Let k be s(8). Let u be 27/(-18)*k/6. Suppose 4*c - 5*m - 25 = 162, -c + 4*m + u = 0. Calculate the remainder when c is divided by 25.
23
Let o = -19 - -26. What is the remainder when 59 is divided by 1/(-2)*(-39 + o)?
11
Suppose 195 = -5*t + 275. Calculate the remainder when 62 is divided by t.
14
Suppose -z - 113 = -4*p + 2*p, -2*z + 260 = 5*p. What is the remainder when p is divided by 19?
16
Suppose 22 = -4*i + 2*j + 64, i = -2*j - 2. What is the remainder when 14 is divided by i?
6
Let r = -36 - -26. Let s = r + 69. Let x(g) = 19*g - 75. What is the remainder when s is divided by x(5)?
19
Let y = 356 + -291. Calculate the remainder when 1038 is divided by y.
63
What is the remainder when 241 is divided by 323/4 + (455/28)/13?
77
Let j(s) = -s + 16. Let n be j(11). Calculate the remainder when 21 is divided by (6/5)/(1/n).
3
Calculate the remainder when 629 is divided by 70/(-4)*(0 + -6 - -4).
34
Let q(l) = -l**3 + 7*l**2 - 10*l + 17. Calculate the remainder when q(5) is divided by 10.
7
Let u(l) = 4*l + 9. Let m be u(-4). Let k = -5 + m. Calculate the remainder when 114 is divided by (-460)/k + (-6)/(-9).
36
Let i be ((-4)/3)/(6/9). Let h be i/(-4) - (-50)/(-20). Let p(c) = 17*c**2 + 3. What is the remainder when p(h) is divided by 18?
17
Suppose 0 = 8*j + 9*j - 2771. Calculate the remainder when j is divided by 34.
27
Let g = -3 + 7. Suppose g*b = 2*l + 22, -5*b - 2*l + 38 = -l. Suppose 4*z - b = 1. Calculate the remainder when 2 is divided by z.
0
Let l(n) = -2*n**3 - 33*n**2 - 15*n + 41. What is the remainder when 599 is divided by l(-16)?
24
What is the remainder when 68 is divided by (333/(-18) + -4)*(-4)/6?
8
Let u(c)